60))
10
10 + -8 - (8 + 3)
-9
What is (9 - 9) + (-1 - 2 - 3)?
-6
Calculate 6 + -10 + 4 + 0.
0
What is (10 - 1) + -24 + 19 + 6?
10
2 + 5 + -4 - 3
0
1 - (-15 + 11) - 7
-2
Calculate 0 + (-7 - -8) + 6.
7
Calculate -2 + 1 + 11 + -4.
6
What is the value of (-1 - -5) + 0 + -1 + 0?
3
Calculate -1 - 3 - (-4 + -2 - -3).
-1
(-5 - (0 - (-5 + 5))) + -2
-7
Evaluate 0 + -6 - (1 + 1).
-8
Calculate (-2 - 1) + 4 - 2.
-1
Evaluate 3 + -5 - (-4 + 0 + -3).
5
4 + 0 - (20 - 16)
0
11 + (9 - 9) - 14
-3
What is the value of (9 - 3) + (0 - 5)?
1
Calculate (0 - 4) + 28 + -24.
0
What is the value of (5 - 5) + (-1 - -1)?
0
Evaluate -6 - -2 - ((-4 - -2) + 1).
-3
Evaluate 1 - (-3 + (2 - 0)).
2
What is the value of -3 + 0 + -2 + (2 - -1)?
-2
9 + -9 + -4 + -1
-5
What is the value of (6 - (11 - 1)) + 6?
2
Evaluate 6 + -1 + -3 + -5.
-3
What is 0 - (-3 + 5 + -3)?
1
Calculate -2 + 6 + (-3 - 1).
0
What is the value of -2 + 0 + -11 + 13?
0
0 - (-7 - (-7 - (2 + -4)))
2
Calculate -5 - (1 + 1 + 0) - 1.
-8
What is (-16 - (-13 - -5 - 1)) + 17?
10
What is (0 - 2) + (34 - 32)?
0
What is the value of -7 - (-7 + (8 - 10))?
2
What is the value of 9 + -9 + (-12 - -6)?
-6
Evaluate 5 + (-12 + 5 - (5 - 11)).
4
What is 6 - 3 - (0 + 5)?
-2
Calculate 6 - -3 - 21 - -6.
-6
What is the value of 1 + (-4 - -2) + -3?
-4
What is the value of (47 - 45) + 4 + -2?
4
Calculate 3 + (5 - 5) - 7.
-4
Evaluate (-13 - 1) + 0 - -19.
5
What is the value of -3 - (-9 - -1) - 5?
0
What is the value of 1 + -9 - (3 + -19)?
8
Calculate 1 - 1 - (69 + -72) - 11.
-8
What is -6 + 2 + 2 + 0 + 1?
-1
What is the value of 6 + (13 - 19) + (-4 - -1)?
-3
(12 - 17) + 14 - 17
-8
Evaluate 0 + (8 + 0 - (3 + 1)).
4
Evaluate (-3 - -2) + 0 - (13 + -13).
-1
What is -6 + 2 + 3 + 1?
0
Evaluate (-3 - 0) + (43 - 36) - -2.
6
What is the value of (0 - -9) + -17 + 1?
-7
What is 1 + 0 + (4 - (0 - -2))?
3
Calculate -2 + -1 + (1 - (-4 - -3)).
-1
What is 2 + (4 + -15 - -4)?
-5
Evaluate 0 + 0 + -2 + -3.
-5
What is 4 + 2 + -11 - -10?
5
Evaluate (8 - -1) + (-2 - (4 - 4)).
7
What is the value of 5 - (5 - 3) - -2?
5
Evaluate (4 - 5 - -5) + 1.
5
Evaluate -5 + 10 + 2 + -3.
4
What is the value of 9 + -3 - (-17 + 33)?
-10
What is (-2 - -2) + 1 - -4?
5
Evaluate -7 - 1 - -1 - -2 - -5.
0
What is 0 + (9 - 6) - (3 - 0)?
0
Evaluate 13 + -9 + -4 - (1 + -1).
0
-9 + (3 + 6 - 1)
-1
Calculate 1 + -9 + 1 + 0.
-7
Evaluate -1 - (-3 + -4 + 12 + -3).
-3
-5 + 4 - (0 + -7 + 2)
4
Evaluate (-3 - -1) + 7 + -3.
2
What is (-4 - -2) + (1 - -2)?
1
7 - (-1 + 3 + 3)
2
Calculate 1 - (8 - (-4 - -5)).
-6
Evaluate (2 - 13) + 15 - 2.
2
(-28 - -35) + -3 + 2
6
Calculate 8 - 3 - (-13 + (8 - 0)).
10
0 + -3 + 12 + -8
1
What is the value of (1 - 2) + -4 + -2?
-7
-14 - -7 - -8 - 6
-5
What is 17 + (8 - 9) + -9?
7
2 + -17 - -6 - (7 - 7)
-9
Evaluate -3 - -5 - (8 + (2 - 9)).
1
What is the value of 7 - (4 + 3 - -4)?
-4
3 + 1 + 3 + -4
3
7 - ((6 - 6) + 2) - 5
0
What is the value of (0 - 8) + 274 + -264?
2
Evaluate 7 + (-4 + -5 - 0).
-2
Calculate -7 + 12 + -10 + 4 - 3.
-4
Evaluate 1 - -2 - 9 - -3 - -5.
2
Evaluate 25 + -26 - (0 + (3 - 0)).
-4
Evaluate ((-3 - -21) + -3 - 7) + -7.
1
1 + -4 - (2 - 6 - 3)
4
-2 - (-12 - (-14 - -5))
1
4 - (8 + 4 + -9) - -4
5
Evaluate 7 + -7 + 6 + -8.
-2
What is 17 - 15 - (0 + (-3 - -2))?
3
Calculate 0 + 2 - ((-9 - -2) + 4).
5
What is (0 + 3 - 6) + -4 + 8?
1
Calculate 6 + 4 - (0 + 6).
4
Calculate -9 + (-4 - -2) + 4 + 3.
-4
Calculate -11 + 5 + 0 + 2.
-4
Evaluate (-4 + 12 - -1) + -6.
3
Calculate -1 + -6 + 3 + 9.
5
3 + (2 - -1 - 7)
-1
7 + -15 + 4 - -4
0
What is the value of 0 + -4 - (-3 - -1)?
-2
Calculate 6 + -4 + 0 + 1.
3
Calculate (-32 - -37) + (-5 - -1) + 4.
5
1 + 1 + -2 + 4
4
What is 10 + 1 + -1 + (215 - 220)?
5
Calculate -1 + 1 - (9 + -7).
-2
Calculate (-27 - -4 - -22) + -4 + -1.
-6
-2 + (0 - (-3 - 3))
4
Calculate (6 - -1) + 7 + -10 + -4.
0
Calculate 6 + -1 + -5 - 5 - -1.
-4
Calculate 2 - (10 - (-15 + 25)).
2
Calculate 5 + (1 - 4) + (0 - -4).
6
What is (-17 - -15 - -10) + -5?
3
Evaluate 5 - 10 - ((2 - 17) + 7).
3
What is -4 + 9 + -8 + 2 + 4?
3
What is the value of 4 + (7 - (0 + 3)) - 4?
4
What is the value of 1 + -1 + (-14 - -12)?
-2
What is the value of -42 + 41 - (0 + -2 + 5)?
-4
Calculate -4 - 1 - (3 - (-3 - -12)).
1
What is the value of -1 + 5 + (-1 - 1) + -1?
1
What is the value of (4 - 7 - -1) + 2?
0
Evaluate 6 + -6 - (-1 - 2).
3
What is the value of -3 - (2 + 2 + (0 - 11))?
4
0 - -2 - (26 - 16 - 15)
7
81 + -86 + (2 + -1 - -3)
-1
Calculate 11 + (-1 - 3) + (-33 - -31).
5
What is -1 + -4 + 1 - -9?
5
What is the value of 3 + -5 + 0 + (-14 - -15)?
-1
What is -3 + 1 + -5 - -3 - -2?
-2
(-4 - (3 - 11)) + (-4 - -2)
2
Evaluate 2 + -1 + -7 + 11.
5
Evaluate 0 + (1 - 3) - (7 + -5).
-4
What is the value of -4 - (-6 + -5 + 4 + -2)?
5
Evaluate (-7 - -3 - 0) + 6.
2
Evaluate -3 - -4 - (4 + -1).
-2
What is 3 + -2 - (0 + -4)?
5
What is -1 + (-22 - -16 - (-9 - -2))?
0
(3 - 7) + 8 + (-1 - 0)
3
Evaluate (5 - 2) + (-8 - -5).
0
Calculate -2 - (1 + -9 + 4).
2
Evaluate 0 + (4 - (4 + -3)) - 7.
-4
9 - (10 + 6 + -1)
-6
Evaluate -6 - (-6 - -3) - -7.
4
What is the value of 6 + (-10 - -3) - -4?
3
What is the value of 16 + 5 + (4 + -20 - -3)?
8
What is the value of (11 - 0) + -72 + 54?
-7
Calculate 1 + (-11 - -6) - (-2 + 2).
-4
Evaluate 0 - 0 - (4 - (3 - -1)).
0
What is the value of 0 + (0 - -3) + -4?
-1
What is the value of 3 + (-13 - -4) + 2?
-4
What is the value of 8 + (-1 - -1 - (20 - 4))?
-8
Evaluate (2 - 4 - (-4 - 0)) + -1.
1
-8 + (-10 - -7) - (-8 - -7)
-10
What is the value of -2 + -6 - (-44 - -42)?
-6
What is 12 + (-22 - (0 + -7))?
-3
Evaluate (-7 + 0 - -3) + 8.
4
Evaluate (-2 - 2) + (22 - 12) + -3.
3
Calculate (1 - 0) + (0 - (4 - 3)).
0
Evaluate -1 + -3 - (5 - 2) - -16.
9
What is the value of 22 + -21 - (4 + 1)?
-4
-2 - (0 - (-5 + 0 + 1))
-6
(-14 - -10) + 5 + -4
-3
Calculate (0 - -2) + (-18 - -18).
2
2 + (4 - -2) + -2
6
Evaluate -5 + 8 + -4 + 2.
1
Evaluate 0 + -1 - (5 + -3 + -6).
3
What is the value of -1 - ((-1 - 2) + 3) - 1?
-2
Calculate 3 - (0 - (-7 - 4 - -3)).
-5
What is the value of (-14 - -6) + 4 + -1?
-5
Evaluate 2 - (-1 - 3 - (-4 + 2)).
4
Evaluate (4 - 6) + (1 - 0 - -2).
1
Calculate 1 + 1 - -1 - (13 - 9).
-1
5 + 1 + -7 + -4
-5
Calculate 1 + -5 + 0 - (-5 - -6).
-5
(3 - 0) + -4 - (-1 - -3)
-3
-2 - (-2 + 3) - 0
-3
(-11 - -3) + (2 - -4) + -5
-7
What is the value of 9 + (11 - 14) + 0?
6
Evaluate -1 + -7 - (-25 + (19 - 11)).
9
Calculate -19 + -17 + 3 + 28.
-5
Evaluate 1 - (-1 + 1 - (-15 + 18)).
4
0 - (-2 + 5 + -3 + 2)
-2
What is 6 + -8 + 10 - 10?
-2
8 + -8 + (2 - 4) + 5
3
What is (-14 - 1) + 8 + 8?
1
What is (6 + 2 - (10 + -4)) + 4?
6
What is -2 - -1 - (-4 + (-4 - -3))?
4
Evaluate 1 - 9 - (-32 + 26).
-2
What is 5 - (0 + (-4 - (-1 - 4)))?
4
Calculate 21 + -23 + 1 + -2.
-3
Calculate 6 + -2 + (-13 - -12).
3
What is -7 - -8 - 2 - -4?
3
Calculate -6 + (5 - 2) + -2 - -5.
0
1 + 1 + (11 - 13) + 1
1
Calculate -18 + 17 - (-1 - 1) - 0.
1
What is -2 + -5 + -2 + 3 + 1?
-5
5 + -1 - (17 + -16)
3
What is -1 + (-29 - -25 - (-10 + 1))?
4
What is -3 + -6 + -3 + 4 - -6?
-2
What is the value of 5 - 1 - (-2 - -4) - 3?
-1
Evaluate -1 + 0 + (36 - 33).
2
2 - 0 - (-9 + 4)
7
What is (1 - -2) + -1 + -4 + -1?
-3
Calculate 1 + -6 + 19 + -11.
3
What is 1 + 1 + 0 + -1 + -5?
-4
-1 + 3 - (6 - 3) - 1
-2
What is -5 - (-1 - (11 - 6))?
1
Evaluate 0 - (1 - -2 - 0) - -6.
3
-10 + 5 - ((-5 - -3) + -5)
2
What is the value of -10 - (7 - 19 - -3)?
-1
Evaluate -2 - (10 + (-3 - 1)).
-8
What is -5 + 8 + -3 + 2 + -2?
0
Calculate (1 - (1 + -5) - -3) + -1.
7
1 - (-2 - -4 - (1 + 3))
3
-19 + 4 - (-7 + -4)
-4
Calculate -2 + (4 - 6) - (0 - -1).
-5
What is (1 - 2) + 5 + 0?
4
Evaluate -2 - (-7 + -1 + 4).
2
What is the value of -3 + 1 - (1 + -6)?
3
What is the value of -2 + 2 + -7 - (-11 - -8)?
-4
Calculate (-6 + (-7 - -7) - -2) + 7.
3
Calculate (-4 - (-2 + -2)) + 0.
0
Evaluate 4 - ((0 + 1 - 2) + 1).
4
What is the value of 9 + (-4 - 3) + 3?
5
What is (-8 - (2 + -6)) + 3?
-1
-4 - (-3 - 0 - 1)
0
What is the value of -11 + 13 + 0 + -2 + 4?
4
What is 1 + 1 - (8 + -9)?
3
0 - 2 - (0 - (3 + -4))
-3
1 + 3 - (7 - 4) - -6
7
Calculate (2 + -7 - -2) + -2.
-5
-4 + 17 - (0 + 3) - 6
4
Evaluate 4 + (-2 - -4) + -1 + -2.
3
What is the value of 6 + -10 - (2 + -2)?
-4
What is the value of -3 + 2 + 0 + (-2 - 1)?
-4
What is 4 + -2 + -3 + 2?
1
What is -18 + 26 - (2 - (-5 